t is 53344 - 300?
53044
In base 12, what is 16270 + -11?
1625b
In base 9, what is 1632 - 1103?
528
In base 5, what is 21202 + -11?
21141
In base 9, what is -1501 - -111?
-1380
In base 5, what is 3004 + -14?
2440
In base 3, what is 1001021 - -221021?
1222112
In base 9, what is 545723 + 2?
545725
In base 12, what is 79545 + 4?
79549
In base 14, what is -11ab + -1?
-11ac
In base 3, what is 0 + -2100102?
-2100102
In base 8, what is 13513012 + -4?
13513006
In base 15, what is -15be + 164?
-145a
In base 2, what is 10011 + 1010001100010011?
1010001100100110
In base 15, what is 23 + 7c78?
7c9b
In base 8, what is 15647 + -22?
15625
In base 9, what is 1220 + 3373?
4603
In base 3, what is -122010210 - -111?
-122010022
In base 5, what is 344133 - 14?
344114
In base 4, what is -3011212 + -1?
-3011213
In base 4, what is 133122232 - 0?
133122232
In base 10, what is 98 + -3319?
-3221
In base 2, what is 1010100110 - -10111?
1010111101
In base 10, what is 385 - -19?
404
In base 9, what is -1760 - 2558?
-4428
In base 15, what is 3b1 - 2e?
382
In base 9, what is -1317274 - -1?
-1317273
In base 13, what is 10b14 + -2?
10b12
In base 5, what is -23044 + -1223?
-24322
In base 10, what is -342 - 272?
-614
In base 3, what is 2100121 - -2?
2100200
In base 12, what is 0 + 622b7?
622b7
In base 7, what is 14545 + -26?
14516
In base 4, what is -32003 - 13001?
-111010
In base 15, what is 1125 + -6?
111e
In base 4, what is 201001 + -223?
200112
In base 4, what is -2330221 + 313?
-2323302
In base 13, what is -1392379 + -4?
-1392380
In base 15, what is 1d + -1124?
-1106
In base 3, what is 111112122 + 212?
111120111
In base 8, what is -5 + 33675?
33670
In base 9, what is 5 - 81781?
-81775
In base 16, what is 66 + ad3?
b39
In base 4, what is -21 + -3012212?
-3012233
In base 6, what is 1102455 + 2?
1102501
In base 9, what is 8238 + 6?
8245
In base 3, what is 102221122 + -120?
102221002
In base 2, what is 1010111 + -111110000?
-110011001
In base 11, what is -2a45 - -96?
-295a
In base 16, what is -1 - 6fc8?
-6fc9
In base 12, what is 0 - 93a3?
-93a3
In base 14, what is 49663 + -3?
49660
In base 12, what is -122 + 11b1?
108b
In base 14, what is 970 - -6a3?
1233
In base 3, what is 1201000000 + 11?
1201000011
In base 8, what is 60 - -2073?
2153
In base 12, what is 20ba17 - 4?
20ba13
In base 12, what is 2 + 5a7ab?
5a7b1
In base 11, what is 529 + 3015?
3543
In base 11, what is 3 + a979?
a981
In base 4, what is 123 - 2010003?
-2003220
In base 6, what is -324 + -5445?
-10213
In base 12, what is 940799 - 3?
940796
In base 10, what is 0 - -68560?
68560
In base 14, what is d1 - 3763?
-3672
In base 9, what is 62 - -4530?
4602
In base 9, what is 63567 - 1?
63566
In base 5, what is -10 - -31003?
30443
In base 4, what is -1313003112 - 0?
-1313003112
In base 6, what is -15213 - -230?
-14543
In base 2, what is 10101010101111 - -101?
10101010110100
In base 11, what is -19a + -4294?
-4483
In base 2, what is 1011110000 - -1001110101?
10101100101
In base 7, what is -554 + -1014?
-1601
In base 3, what is 120121 - -1210?
122101
In base 11, what is 3 + -2550a7?
-2550a4
In base 8, what is -16135372 + 0?
-16135372
In base 13, what is 10 + -2?
b
In base 8, what is 13472 - 3?
13467
In base 11, what is 4 + 19381?
19385
In base 12, what is 3a4 + -bb?
2a5
In base 14, what is -5 - 48acd?
-48ad4
In base 16, what is 718 - -15?
72d
In base 10, what is -386 - 36?
-422
In base 16, what is 273 + -19?
25a
In base 14, what is -112 - 235?
-347
In base 10, what is 4 + -1446?
-1442
In base 13, what is 19 + -4c9b1?
-4c995
In base 11, what is 118684 - 0?
118684
In base 15, what is 4bcc + 45?
4c22
In base 9, what is -15631 + -5?
-15636
In base 10, what is -119 + 305?
186
In base 11, what is -3 - 275887?
-27588a
In base 4, what is -2102 + -1011100?
-1013202
In base 11, what is -10453 - -1?
-10452
In base 7, what is 45265 - -3?
45301
In base 11, what is -36 + -a7?
-132
In base 9, what is 387137 + -2?
387135
In base 6, what is -13141143 - -3?
-13141140
In base 3, what is -20 + -1000121201?
-1000121221
In base 4, what is 1002110 + 2322?
1011032
In base 10, what is 1 - 42251?
-42250
In base 14, what is -1dda0 - 3?
-1dda3
In base 14, what is c - -25511?
2551d
In base 4, what is 10110 + 131213?
201323
In base 13, what is -19234b - -5?
-192346
In base 16, what is 412bb1 - -5?
412bb6
In base 15, what is 215b09 - -5?
215b0e
In base 14, what is a846 - -3b?
a883
In base 6, what is 201535 - 1?
201534
In base 8, what is -24 - -175726?
175702
In base 12, what is 9507 + 0?
9507
In base 9, what is -3012257 - 0?
-3012257
In base 10, what is 1202 - -462?
1664
In base 11, what is 849 - -7?
855
In base 5, what is -22 - -2130024?
2130002
In base 5, what is 1040 - -1222141?
1223231
In base 12, what is 57021 - -3?
57024
In base 5, what is 11 - 13240?
-13224
In base 12, what is 80a + -32b?
49b
In base 7, what is -16142 + 14?
-16125
In base 16, what is 8 + 698?
6a0
In base 4, what is -230 - -33100?
32210
In base 5, what is -1100 + 11121?
10021
In base 14, what is 48a - 75a?
-2b0
In base 3, what is -1022 + -11120?
-12212
In base 7, what is -12 + -35536?
-35551
In base 4, what is 121312 + -21132?
100120
In base 4, what is -200000203 + -10?
-200000213
In base 9, what is -24 - -6348?
6324
In base 4, what is 2 - -333232123?
333232131
In base 16, what is -4 - -69c?
698
In base 9, what is -16 - -21022?
21005
In base 3, what is 10100 - 21?
10002
In base 12, what is 2b - 1175?
-1146
In base 7, what is -25145 - -11?
-25134
In base 5, what is 124 - 40102?
-34423
In base 5, what is -210340 + -424?
-211314
In base 14, what is 27 + 3257?
3280
In base 6, what is 2 + 14502?
14504
In base 11, what is -5 - 146877?
-146881
In base 4, what is -2131122 - 3?
-2131131
In base 3, what is -101 - -1022212202?
1022212101
In base 16, what is 28 + -482?
-45a
In base 3, what is -11020 - -122?
-10121
In base 7, what is -3 - -1056131?
1056125
In base 7, what is 5 + -44143?
-44135
In base 15, what is -4 + 9526?
9522
In base 10, what is 6758 + 10?
6768
In base 16, what is -4 + cd3?
ccf
In base 16, what is -ac + 70?
-3c
In base 15, what is 1246 - -138?
137e
In base 9, what is -15 - 2816?
-2832
In base 14, what is -52771 + 4?
-5276b
In base 10, what is 23 + -8?
15
In base 3, what is 2012222 - 1001?
2011221
In base 14, what is 52905 + -1?
52904
In base 10, what is 415 - 15?
400
In base 14, what is 1388 - -15a?
1504
In base 4, what is 22201023 + 12?
22201101
In base 15, what is bd9 + 1a?
c04
In base 6, what is 245045 + -3?
245042
In base 10, what is -45193 - 4?
-45197
In base 7, what is 532221 - -3?
532224
In base 8, what is 2 - 42216?
-42214
In base 16, what is e29 + 3?
e2c
In base 5, what is 23 - -14413?
14441
In base 8, what is -5 - 13126?
-13133
In base 11, what is -1a099 - a?
-1a0a8
In base 16, what is bd92 - 7?
bd8b
In base 13, what is 28935b - -2?
289360
In base 12, what is -5 + -63a6?
-63ab
In base 2, what is 10000100111010010 + 1111?
10000100111100001
In base 13, what is -924 + -8?
-92c
In base 14, what is 1bb5d + -23?
1bb3a
In base 12, what is -4 - -276218?
276214
In base 5, what is 1 - -133012323?
133012324
In base 11, what is -157 - 23969?
-24015
In base 13, what is -1b2b06 - -5?
-1b2b01
In base 13, what is 34 + -81?
-4a
In base 4, what is -11 + 10110031?
10110020
In base 13, what is 20 + -90a?
-8ba
In base 14, what is -bc28 - b?
-bc35
In base 9, what is -4 + -54201?
-54205
In base 9, what is -5 + -551774?
-551780
In base 9, what is -8 + -20770?
-20778
In base 8, what is -1157 + 250?
-707
In base 8, what is 3156 - 2?
3154
In base 11, what is 130 + -7?
124
In base 8, what is 27 + -56103?
-56054
In base 5, what is 134 + 112240?
112424
In base 3, what is 10122 + -1211120201?
-1211110002
In base 13, what is -117b + 8?
-1173
In base 14, what is 4196 + -5?
4191
In base 9, what is -4170 + -4?
-4174
In base 15, what is -d - 66c7d?
-66c8b
In base 6, what is 54002 - -2303?
100305
In base 12, what is 6 + -7ab90?
-7ab86
In base 4, what is -233212 + -22?
-233300
In base 9, what is -14521 - -2?
-14518
In base 14, what is 1a6 - 591?
-3c9
In base 7, what is -10410265 + -11?
-10410306
In base 4, what is 10020 - -20?
10100
In base 4, what is -133 - 1000122132?
-1000122331
In base 6, what is -1 - 244153?
-244154
In base 9, what is 21 - 5224?
-5203
In base 16, what is -f + 34b9?
34aa
In base 1